p. Suppose 5*i + 3*z - 52 = -0*i, -5*i + j*z + 24 = 0. List the prime factors of i.
2
Let z be ((-50)/4)/5*-4. Suppose -o = 4*o - z. What are the prime factors of -2*(-11)/o - 0?
11
Suppose 0 = -2*i - 1 + 5. Let y = 0 - -4. Suppose -i*b = -0*b - y. List the prime factors of b.
2
Let c(u) = -u + 2. Let z be c(4). What are the prime factors of -1 - 3*8/z?
11
Suppose 550 = 4*z + 82. What are the prime factors of z?
3, 13
Suppose -t - 1 = -2*t + y, -3*y - 4 = -4*t. List the prime factors of (-3 - -10) + -3*t.
2
Suppose y - v - 19 = 0, 0*v + v + 115 = 5*y. List the prime factors of y.
2, 3
Suppose 2*w + w = -5*j + 247, j = 5*w + 55. Suppose 22 = 2*u - j. Suppose -4*p - f = -41, -2*p + u = 5*f - 7. List the prime factors of p.
3
Let k = 132 - -69. What are the prime factors of k?
3, 67
Let l(k) = k**2 - 7*k + 9. List the prime factors of l(8).
17
Suppose 4*q + 43 = 3. Let f = 19 + q. List the prime factors of f.
3
Let x(p) = p**2 - 11*p + 6. Let f(s) = -6*s + 3. Let j(m) = -5*f(m) + 3*x(m). Suppose 0 = 2*i, 5*y = -0*y + i + 10. What are the prime factors of j(y)?
3
List the prime factors of (-2)/4 + 208/32.
2, 3
Suppose 2*j = -j + 3*n + 12, -4*j = -5*n - 18. Suppose -26 + 114 = j*d. Suppose -5*b + d = -1. List the prime factors of b.
3
List the prime factors of (-58 - -4 - -1)/(-1).
53
Suppose 11*k + 243 = 2762. List the prime factors of k.
229
Let o be -2*(-15)/(-6)*-7. Suppose 0 = -5*n - 190 + o. Let m = 43 + n. List the prime factors of m.
2, 3
What are the prime factors of 17 - (-2)/(2/2)?
19
Let o = 41 + 195. List the prime factors of o.
2, 59
Let a(w) = 11*w - 1. Let i be a(7). Suppose 4*p + i = 2*z, 5*z - p = 87 + 94. List the prime factors of z.
2, 3
Let o(k) = -k**2. Let a(x) = 2*x**2 + 1. Let h(p) = 2*a(p) + 3*o(p). Let v be 3/(-2) - 36/(-8). What are the prime factors of h(v)?
11
Let i(y) = 2*y + 10. Let g be i(-5). Suppose 4*w + 0*f = f + 17, 5*w - 5*f - 25 = 0. Suppose -d - w*d + 20 = g. List the prime factors of d.
2
What are the prime factors of (-9)/12*-190*(-4)/(-6)?
5, 19
Suppose -14*m + 18*m = 1224. List the prime factors of m.
2, 3, 17
Let j be ((-4)/(-6))/((-4)/(-18)). Suppose 8*w - 85 = j*w. Suppose 4*y = -5*h + 17, -3*y - 3 = 4*h - w. List the prime factors of h.
5
Suppose -5*s + 136 = -64. List the prime factors of s.
2, 5
Suppose -2*p + b = -126, -5*p - 5*b - 133 + 463 = 0. What are the prime factors of p?
2
Let y = -58 - -84. What are the prime factors of y?
2, 13
Suppose -1 = 2*i - 9, 0 = 2*u + i - 16. List the prime factors of u.
2, 3
Suppose -z - 5 + 28 = 0. List the prime factors of z.
23
Let s be (-6)/(-21) - 32/14. Let h be 1 + (s - -6) - 1. What are the prime factors of 13/h + 2/(-8)?
3
Let n = -132 - -180. List the prime factors of n.
2, 3
Let q(r) = 3*r - 15. Suppose -28 = -3*d + d - 3*k, 4*d + 3*k - 56 = 0. What are the prime factors of q(d)?
3
Suppose -1 = -x + 3. Suppose x = d - 3. List the prime factors of d.
7
Let y = -19 + 12. Let h be -1 + 0 + (-2 - y). Let d = 17 - h. List the prime factors of d.
13
Let a = -1 - 1. Let g = a - -5. Suppose -g*w + 4*u - 6 = 0, -4*w + 25 = w + 5*u. What are the prime factors of w?
2
Suppose -69*r + 73*r = 476. What are the prime factors of r?
7, 17
Let c be 1/(-3) + (-2)/(-6). Suppose 2*n - 4*n + 26 = c. List the prime factors of n.
13
Suppose -5*r + 51 = 3*b, 0 = 4*b + 2*r - 10 - 72. What are the prime factors of b?
2, 11
Let w = 28 + -13. Suppose y + 0*y - 2 = 0. Suppose 3*p + y*p - w = 4*b, -5*p + 2*b + 15 = 0. List the prime factors of p.
3
Suppose 3*u - 42 = -2*l, 5*l = -3*u + 5*u - 28. List the prime factors of u.
2, 7
Let s(d) = -d**3 + 10*d**2 + 14*d + 12. What are the prime factors of s(11)?
3, 5
Suppose 2*m + 3*p = -4 - 5, 3*m - 5*p = 15. Let b be -12*(10/(-6) - m). Suppose o = -4*o + b. What are the prime factors of o?
2
Let f = 4 + -8. List the prime factors of ((-2)/f)/((-1)/(-4)).
2
Let w be (-22)/(-5) - 4/10. Suppose w = -j - 2*s, -3*s - 3 + 11 = 5*j. Suppose j*t + 20 = 0, -5*t = -2*u - 12 + 45. List the prime factors of u.
2
Suppose -4*t + 38 = n - 31, -t + 2*n = -6. What are the prime factors of t?
2
Let b(l) = -l**3 + 9*l**2 - 6*l - 4. Let w(n) = n**3 - 6*n**2 + 5*n. Let y be w(5). Suppose y*t + t = 8. List the prime factors of b(t).
2, 3
Let p(h) = -h**2 - 25*h - 28. List the prime factors of p(-20).
2, 3
Let t(c) = -c**2 + 8*c - 4. Suppose -10 = -q + y, -2*q + 5*y + 21 = 2*y. Let j be ((-3)/q)/(2/(-18)). What are the prime factors of t(j)?
11
Suppose 7*m = 2*m + 10. Suppose 0 = w - m*w. What are the prime factors of (w - 2)/(-1) + 0?
2
Let d(c) = 2*c**3 - 3*c**2 + 5*c - 5. Suppose -3*k = 3*q - 0 - 6, 2*q - 10 = -4*k. What are the prime factors of d(k)?
37
Let r be (2 - 1)/((-4)/(-56)). Suppose 0 = 5*z - 161 - r. List the prime factors of z.
5, 7
Let m = 12 + -8. Let b = m - -5. What are the prime factors of b?
3
Let i = 4 + 44. List the prime factors of i.
2, 3
Let o(h) = h + 0*h + 2 + 0*h. Let a be o(-2). Suppose 5*v = -2*t + 41, 0*v - 5*v - 4*t + 37 = a. List the prime factors of v.
3
What are the prime factors of (-21)/14 + (-178)/(-4)?
43
Suppose m + n = -31, m - 2*n - 6 = -34. Let b be m/(-7) + (-4)/14. Suppose r = b*r - 12. What are the prime factors of r?
2
Let v be 20/10 + 2*-1. Suppose 0*b = 3*p - 3*b - 84, v = -3*p - 3*b + 114. What are the prime factors of p?
3, 11
Suppose -4*f - 3*k = -f, 0 = -3*f - 5*k - 4. List the prime factors of f.
2
Let x be 2 + 2 + (-1 - 0). Suppose 2*q = -x*q - 10. List the prime factors of -21*(q/(-3))/(-1).
2, 7
Suppose -2 = -4*s + 14. Suppose -2*h = 3*q - 4*h - 37, 0 = -h + s. What are the prime factors of (q/(-10))/((-1)/2)?
3
Suppose -230 = -5*k - 4*b, -4*k = -9*k - 3*b + 225. Suppose -5*w = 85 - 25. What are the prime factors of (-117)/(-7) - w/k?
17
Suppose -2*n + 8 = -8. Suppose -2*o - 2 = -n. List the prime factors of o.
3
Let q = 14 - -30. List the prime factors of q.
2, 11
Let s be 0 + (-3 - -2)*0. Let o = -3 + s. Let p = -1 - o. What are the prime factors of p?
2
List the prime factors of 13 + 4 - -2 - 3.
2
Let u = 233 + -149. List the prime factors of u.
2, 3, 7
Let k(i) = -27*i**3 + i**2 + i + 1. Let s be k(-1). Suppose s = -3*u + u. List the prime factors of (-72)/(-7) - (-4)/u.
2, 5
Suppose q - 23 = 2*v + 3*v, 0 = 3*q + 5*v - 9. What are the prime factors of q?
2
Let q(t) = -7*t + 11. Let f(j) = -4*j + 5. Let y(d) = -5*f(d) + 2*q(d). List the prime factors of y(6).
3, 11
Let f = -5 + 6. List the prime factors of 14 + f/((-3)/6).
2, 3
Suppose -3*m - 4*i = 14 + 3, -3*m - 2*i - 25 = 0. Let s = 16 - m. What are the prime factors of s?
3
Let p = -42 - -64. Let o = p + 10. List the prime factors of o.
2
Let q = 5 - -1. List the prime factors of q.
2, 3
Let w = -104 + 154. What are the prime factors of w?
2, 5
Let j = -29 - -37. What are the prime factors of j?
2
Let k = 31 + 109. List the prime factors of k.
2, 5, 7
Let r(k) = k - 3 - 2*k + 0*k. Let j(v) = v**2 - 6. Let n be j(0). What are the prime factors of r(n)?
3
Let z(r) = r + 80. List the prime factors of z(0).
2, 5
Let g(k) = k - 2. Let t be g(5). Suppose -3*b + 7*b = -v + 156, -28 = -b - t*v. Suppose 0*y = -5*y + b. List the prime factors of y.
2
Let a(d) = -d**3 + 17*d**2 - 14*d + 3. What are the prime factors of a(16)?
5, 7
Let x(u) = -u**3 - 7*u**2 - 5*u - 2. Let z be x(-6). Let f be (12/8)/((-6)/z). Suppose -2*h + 3*a + 5 = -2, -2*a - 8 = -f*h. List the prime factors of h.
5
Suppose -5*q = w + 254, w = -2*q - 0*q - 104. Let l be 3/(-9) + q/(-6). What are the prime factors of 9/2*l/3?
2, 3
Let q be (-52)/14 + (-4)/14. Let j = q + 8. List the prime factors of 32/3 + j/(-6).
2, 5
Let n = 87 + 197. What are the prime factors of n?
2, 71
Let f(p) = p**3 + p + 0*p + 4*p - 3. What are the prime factors of f(3)?
3, 13
Suppose 4*k - 121 = 7. Suppose -4*m - s + 54 = 0, 0 = -2*m - 5*s + 2*s + k. What are the prime factors of m?
13
Suppose -31 = -p - 3*t, 60 = 2*p + 2*t + 2*t. What are the prime factors of p?
2, 7
Suppose -4*g + 4*m + 32 = 0, -6*g + g - m = -16. Suppose g*d = -5*x + 77, -4*x - 5*d + 3 = -55. What are the prime factors of x?
17
Suppose 26*a - 22*a - 1164 = 0. List the prime factors of a.
3, 97
Let c(s) = -74*s - 1 + 3*s**2 + 77*s - s**3 + 4. Suppose 6 = -v + 3*v. What are the prime factors of c(v)?
2, 3
Let l(o) = -4*o**2 + 14*o + 6. Let g